00
Convert 2122212322 (base 4) to base 8.
2324672
110101010010 (base 2) to base 8
6522
Convert 11333 (base 10) to base 15.
3558
-602660 (base 11) to base 4
-3230300200
Convert 293b8 (base 15) to base 12.
647b5
What is -811b6 (base 12) in base 7?
-1266333
What is 95ae (base 16) in base 14?
dd70
What is -23365 (base 12) in base 11?
-32488
What is -10422363 (base 7) in base 3?
-1200112200220
What is -35706040 (base 8) in base 11?
-4471325
What is -100221020202 (base 3) in base 13?
-6b018
What is -1329923 (base 10) in base 7?
-14206220
What is -1110011010010000 (base 2) in base 3?
-2222222002
What is -10127531 (base 9) in base 8?
-22425404
Convert 122233113022 (base 4) to base 6.
410124254
-1030323110 (base 4) to base 16
-4ced4
What is -11255632 (base 8) in base 10?
-2448282
Convert -124081 (base 11) to base 14.
-5149c
What is -20110120022 (base 3) in base 16?
-1f11b
What is -4a759 (base 12) in base 13?
-37155
Convert -555273 (base 8) to base 13.
-671ba
217689 (base 14) to base 16
114fe9
Convert 3bc4c (base 14) to base 2.
100100000110001100
-340cb (base 13) to base 3
-11210211010
-323452144 (base 6) to base 7
-100046614
What is 1508765 (base 12) in base 2?
10000001100011000111101
What is 120222110020 (base 3) in base 8?
1146241
-31331220211 (base 4) to base 15
-4c481a
Convert -320255 (base 7) to base 9.
-83842
Convert 10000110000111111011100 (base 2) to base 7.
52233221
Convert 303736 (base 10) to base 16.
4a278
What is -201011303 (base 4) in base 13?
-49901
What is 1b3a6 (base 13) in base 15?
10c31
-5145a (base 11) to base 15
-173aa
Convert 4286c7 (base 13) to base 3.
2221022100120
What is 146268 (base 12) in base 9?
571748
12514212 (base 6) to base 14
ab01a
What is -9a05 (base 12) in base 5?
-1020442
-3b10 (base 12) to base 7
-25524
-6725864 (base 10) to base 13
-1516502
Convert 1516503 (base 7) to base 5.
23101031
What is -20c9c2 (base 13) in base 12?
-311b71
34f137 (base 16) to base 12
11b3a73
Convert 544544121 (base 6) to base 3.
200100022200211
What is 2c5c20 (base 13) in base 10?
1098357
What is -1231023 (base 4) in base 13?
-3246
Convert 46a55 (base 12) to base 3.
11211001202
What is -1302334 (base 9) in base 4?
-2231122300
-3453116 (base 7) to base 9
-730302
What is -4304115 (base 6) in base 11?
-134474
4457ab0 (base 12) to base 6
1143503140
2a3c32 (base 16) to base 12
b15982
What is b1b5a (base 15) in base 7?
4532563
Convert -4a300 (base 14) to base 5.
-21303232
What is -1ab662 (base 13) in base 12?
-28a930
35312242 (base 6) to base 2
100001100001000000010
-11101022111201 (base 3) to base 8
-10704334
What is -7751 (base 11) in base 13?
-4862
100111100000100111000 (base 2) to base 13
364384
2aa58 (base 11) to base 5
2400430
What is 3a6463 (base 11) in base 8?
2336226
-14521344 (base 6) to base 12
-206254
Convert 64983 (base 10) to base 7.
360312
-14134400 (base 6) to base 5
-110313412
What is 110012212020221 (base 3) in base 6?
351054341
What is 20714365 (base 9) in base 4?
212012233010
What is -1143521 (base 10) in base 15?
-178c4b
Convert -48d5c8 (base 14) to base 16.
-2613dc
-2101032133 (base 4) to base 15
-bb3b7
Convert -3013321 (base 5) to base 12.
-23909
What is 1699997 (base 12) in base 5?
2144320223
What is 21a2d (base 14) in base 5?
10102302
Convert -163648c (base 13) to base 10.
-7154224
Convert 191684 (base 10) to base 5.
22113214
Convert 27304 (base 13) to base 9.
121134
What is 10010110000100011100 (base 2) in base 15?
c21de
Convert -84344 (base 9) to base 13.
-1c468
7678 (base 14) to base 15
6110
What is -51c839 (base 16) in base 13?
-1158707
4642015 (base 9) to base 8
11441776
-130010132201 (base 4) to base 2
-11100000100011110100001
What is -62860 (base 14) in base 5?
-30101021
What is -5199808 (base 10) in base 6?
-303241104
Convert -5aa313 (base 13) to base 14.
-404ba0
What is -108146 (base 12) in base 11?
-16a539
707037 (base 9) to base 3
210021001021
-1329a8 (base 11) to base 8
-627713
Convert -3161 (base 10) to base 3.
-11100002
-6e664 (base 15) to base 3
-122220110111
What is 111221120100101 (base 3) in base 2?
11100010001100100011100
4302173 (base 8) to base 11
714591
Convert -2322141 (base 5) to base 11.
-29758
Convert 4076000 (base 9) to base 15.
2ceb60
What is 3d068 (base 14) in base 10?
151012
Convert 160216 (base 10) to base 15.
32711
What is -11430504 (base 6) in base 12?
-155434
What is 3340522 (base 6) in base 5?
20344144
What is 1852201 (base 12) in base 9?
10508021
10042012 (base 5) to base 13
2aa79
-52a2b75 (base 12) to base 4
-323222120021
Convert 13536016 (base 7) to base 4.
10312000213
What is -100101110011000101 (base 2) in base 7?
-1213242
What is -6dafc (base 16) in base 3?
-211211021212
What is -10111110100110110100011 (base 2) in base 12?
-211256b
3114262 (base 7) to base 14
9a269
What is -61707 (base 13) in base 3?
-22212201100
Convert 12021000012 (base 3) to base 13.
38174
53376 (base 9) to base 10
35304
What is 101220202201 (base 3) in base 6?
4334501
-436637 (base 9) to base 6
-5331141
What is 44411022 (base 7) in base 14?
71b712
Convert -111001110101 (base 2) to base 10.
-3701
-1001010000110010 (base 2) to base 7
-215415
What is -1101012310 (base 5) in base 8?
-11002012
Convert 253152 (base 6) to base 16.
58dc
-100111101100111111010111 (base 2) to base 7
-154315501
Convert 86fd (base 16) to base 13.
12963
Convert 102881 (base 9) to base 11.
42002
Convert 222122002011 (base 3) to base 11.
328934
6164534 (base 8) to base 11
a15666
Convert -1f105e (base 16) to base 9.
-3742536
-11200314 (base 5) to base 12
-49b04
What is 265717 (base 8) in base 3?
11201202110
What is 53014 (base 12) in base 8?
324520
-170684 (base 9) to base 13
-39064
Convert -20011102102 (base 3) to base 8.
-354752
What is 11010011110110110111 (base 2) in base 6?
30333235
Convert -46bc0a (base 14) to base 9.
-4478757
Convert -35062031 (base 7) to base 11.
-180a595
6576 (base 16) to base 10
25974
What is -308211 (base 9) in base 2?
-101100101101101111
Convert -1213686 (base 10) to base 5.
-302314221
-1cd153 (base 15) to base 7
-14664600
What is -31021031223 (base 4) in base 8?
-15111553
Convert 2c9cb9b (base 13) to base 10.
14394534
-38b15 (base 14) to base 13
-4b592
Convert -20b25 (base 12) to base 5.
-2334320
What is -536289 (base 11) in base 15?
-11e11d
-512463 (base 9) to base 10
-303645
What is -9a860 (base 11) in base 14?
-3b369
-2541d (base 14) to base 10
-91363
What is 110020220333 (base 4) in base 10?
5278271
Convert -187a84 (base 13) to base 6.
-21120142
774ea (base 16) to base 3
220211100100
What is 110011212110 (base 3) in base 9?
404773
Convert -496d05 (base 14) to base 5.
-1121003212
What is -103523411 (base 6) in base 4?
-13012203133
What is -221300113 (base 4) in base 6?
-3355451
Convert -7986a0 (base 13) to base 2.
-1010111101110111000100
What is 2123022031 (base 4) in base 11?
3a4538
-1495 (base 12) to base 15
-ab2
What is 476620 (base 9) in base 12?
11a109
312550514 (base 6) to base 9
11237431
Convert 26273047 (base 8) to base 5.
3000103301
What is 32c5a (base 16) in base 8?
626132
Convert -3223715 (base 9) to base 7.
-20455544
-314500 (base 6) to base 16
-6444
What is 263a6 (base 12) in base 14?
1514a
1777423 (base 8) to base 5
113232201
Convert -379690 (base 12) to base 7.
-10501506
Convert 763a64 (base 15) to base 5.
2420204334
What is -2139862 (base 11) in base 3?
-21002002021102
Convert -973b9c (base 14) to base 2.
-10011100001111101101110
10001010100101000011 (base 2) to base 12
234597
Convert -111313010 (base 4) to base 6.
-1530312
What is 222211c (base 14) in base 16?
f774ae
Convert -c2074 (base 15) to base 12.
-257647
Convert 30579 (base 12) to base 6.
1203433
Convert 1238405 (base 11) to base 5.
1022224343
Convert 334b6 (base 15) to base 13.
592bc
Convert -3958839 (base 10) to base 8.
-17064067
-3d81d8 (base 15) to base 16
-2d38de
Convert 2111011 (base 4) to base 3.
111002101
Convert 202122221230 (base 4) to base 5.
4302201220
Convert 12790 (base 11) to base 3.
221000220
What is -236536 (base 8) in base 10?
-81246
-14ac60 (base 14) to base 8
-2600724
Convert 7223546 (base 8) to base 13.
51b867
What is -1575150 (base 8) in base 2?
-1101111101001101000
-12233233022 (base 4) to base 16
-1afbca
Convert 64a20a (base 15) to base 2.
10010010010001010000000
-140554 (base 14) to base 12
-29493a
Convert -